ose 3*k - d = -k. What is the units digit of t(k)?
8
Suppose 4*d = -3*l - 157, 4*l + d + 0*d + 231 = 0. Let v = -37 - l. What is the tens digit of v?
2
Let p(f) = -41*f - 6. What is the units digit of p(-2)?
6
Let f(g) = 3*g**2 - g - 6. What is the tens digit of f(3)?
1
Let n = 8 + -15. Let v = -3 - n. Suppose -2*z = w - 3*w - 20, -2*w - 44 = -v*z. What is the tens digit of z?
1
Suppose 4*a + 0*m - 618 = m, -6 = 3*m. What is the hundreds digit of a?
1
Let q be (12/(-10))/((-2)/5). What is the units digit of 2 - -1*(-3)/q?
1
Suppose 5*w + 5 = 20. Let k = -1 + w. What is the units digit of k/(-5) - (-44)/10?
4
Let z be 6/(-4)*(-16)/(-6). Let c = z + 6. What is the units digit of c?
2
Let a = 183 - 162. What is the tens digit of a?
2
Suppose 2*u + 7 - 109 = 0. Let y = -26 + u. What is the tens digit of y?
2
Let b(s) = 27*s**2 + s. Let o be b(1). Suppose -5*x = -x + o. What is the units digit of (-4)/14 + (-44)/x?
6
Suppose 2*r - 15 = 1. What is the units digit of r?
8
Suppose -200 = -6*v + v. What is the tens digit of v?
4
Let f = -25 + 47. Let h = f + -33. What is the tens digit of -3 + (4 - 0) - h?
1
Let s be 1 + (6 + 2)/4. Suppose -5*o = -4*z - 145, -s*z + 6*z = 3*o - 84. What is the units digit of o?
3
Suppose -8*j - 3*j = -451. What is the tens digit of j?
4
Suppose 2*h = -o + 60, 3*h + 4*o - 69 = 16. What is the units digit of h?
1
Suppose 0 = -5*j - u + 207, -2*j + 6*u + 72 = u. What is the units digit of j?
1
Let d = 9 - 4. Suppose -o = -6*o. Suppose d*m = n + 15, -n = -m - 5 - o. What is the tens digit of n?
1
Suppose 2*u - g - 636 = -5*g, 5*u = g + 1601. What is the tens digit of u?
2
Let v(q) = 6*q**3 - 2*q**2 - 3*q + 2. Let h(w) = -w**3. Let n(a) = 4*a - 3. Let m be n(2). Let s(b) = m*h(b) + v(b). What is the units digit of s(3)?
2
Let r = 526 + -315. What is the tens digit of r?
1
Suppose -5 = -5*r - 15. Let o(k) be the second derivative of k**4/12 + k**2 + 6*k. What is the units digit of o(r)?
6
Suppose 3*f + 6 = f. Let s = 0 - f. What is the units digit of s?
3
Let s be (4/(-8) + 0)*-174. What is the tens digit of (-1 + 0)*s/(-3)?
2
Let y(t) = -2*t**2 + 2*t. Let v be y(2). What is the tens digit of 99/6 - (-2)/v?
1
Let t be 1*-1*(-2 - 9). Suppose t = -2*j - 5*r, j - 27 = r + 3*r. What is the units digit of j?
7
Let u(k) = k**3 + 5*k**2 + 4. Let p be u(-4). Suppose -o = 3*o - p. What is the units digit of o?
5
Let z(l) be the third derivative of l**6/120 - 7*l**5/60 + 5*l**4/12 - 3*l**3/2 + 3*l**2. What is the units digit of z(6)?
5
Let s = -879 - -223. What is the tens digit of (s/(-32))/((-2)/(-4))?
4
Suppose -3*u - 63 = -180. What is the tens digit of u?
3
Let k be (-2)/4*(-3 - -1). What is the units digit of (-3)/9*(-2 - k)?
1
Let s(u) = 30*u - 61. What is the tens digit of s(5)?
8
Let c = -13 + 8. Let h = c + 14. What is the units digit of h?
9
Let c(l) = l**2 - 7*l + 17. What is the units digit of c(8)?
5
Let o = 10 - -4. Let n(m) = 2*m**2 - 6*m + 5. Let r be n(5). Let c = r - o. What is the units digit of c?
1
Let s(n) = n - 12. Let i be s(10). What is the tens digit of (-4)/(i + -2) - -9?
1
Suppose -2*b = 5*r + 53, 8 = 4*r - 5*b + 24. Let k = r - -11. Suppose u = k*u - 10. What is the tens digit of u?
1
Let z be 2/(-4) + (-20)/8. Let k be 2/z + 24/9. Suppose -k*v + 14 + 12 = 0. What is the units digit of v?
3
Let o(k) = 28*k - 4. What is the tens digit of o(3)?
8
Let n be 5/(-25) - 52/(-10). Suppose 6*u - 15 = n*u. What is the tens digit of u?
1
Suppose 8*c - 4*v = 3*c + 13, -5*c + 16 = -3*v. Suppose 4*o - 2*w = -3*w + c, -5*o - w = -7. What is the units digit of (-16)/(-4) - (o - 1)?
3
Let t be 3 - 0/(-3 + 5). Suppose t*p = 4*p - 5. Suppose p*b + 6 = -z - 3*z, 4*b = 4*z - 12. What is the units digit of z?
1
Let q(b) = 3*b + 2. Let u be q(3). Suppose -2*n - 3 = -u. Suppose x - 10 = -5*r + 2*r, -n*r = x - 15. What is the units digit of r?
5
Suppose -4*p - 8 = 4*a, 0 = p - 2*a - 17 + 4. Suppose -l = p - 13. What is the units digit of l?
0
Let n = 139 - 99. What is the tens digit of n?
4
Suppose 3*f + 6 - 21 = 0. Let v = 4 - f. What is the units digit of ((-8)/10)/(v/10)?
8
Suppose 5*i + 4*x = 0, -4*x = -2*i - 0*x + 28. What is the units digit of i?
4
Suppose 5*m = 715 - 245. What is the tens digit of m?
9
Let r(w) = -2*w + 4. Let f be r(4). Let k(g) = 3 + 3*g + g**2 + 2 - 4 - 2. What is the units digit of k(f)?
3
Let w(v) = -v. Suppose 0*g = 5*g + 5. Let q(o) = o**2 - 4*o + 3. Let c(s) = g*w(s) - q(s). What is the units digit of c(3)?
3
Let x = 74 - 53. What is the units digit of x?
1
Suppose o - 79 = -4*j, 2*o - 1 = -4*j + 165. What is the tens digit of o?
8
Let h = 0 + 3. Let b = -3 + h. Suppose b = -5*o - 0*o - s + 24, 0 = -o - 3*s + 2. What is the units digit of o?
5
Suppose -3*u = -u - 8. What is the units digit of 6/u*4/6?
1
Let o = -10 - -16. Let g be (4/(-12))/((-2)/o). What is the units digit of -1 - -2 - 0/g?
1
Let f = -24 - -56. What is the tens digit of f?
3
Let u(k) = k**2 - 5*k + 14. What is the tens digit of u(7)?
2
Let c(r) = -r**2 + 10*r + 4. Let t be c(10). Let o be (t - 5) + 2 + -1. Suppose o = 2*d + 8, 9 = l - 5*d + 6*d. What is the tens digit of l?
1
Let f(w) = 15*w**3 - w**2 - w - 1. What is the tens digit of f(2)?
1
Let v = -155 + 330. What is the units digit of v?
5
Suppose 12*f - 2236 = -f. What is the hundreds digit of f?
1
Suppose -4*g - y + 0*y + 168 = 0, 2*g - 84 = 4*y. What is the tens digit of g?
4
Let q(a) = a + 5. Let f be q(-3). Let d be (f + (-3)/1)*-1. What is the units digit of (-14)/(d - 3) - -2?
9
Let i(z) = z. Let c(q) = q**2 + 11*q + 6. Let f(j) = c(j) - 4*i(j). Let k be (1/3)/(2/(-42)). What is the units digit of f(k)?
6
Let h(u) = -u**2 - 6*u - 3. Let t be h(-3). Suppose -t*p + 4*p = -68. What is the tens digit of p?
3
Suppose 2*k + k + 1944 = 0. Let z be k/(-14) + (-2)/7. Suppose -4*x + z = 5*s, 5*x - 56 = -5*s - 6. What is the units digit of s?
6
Suppose 0*s + 5*s + q = 16, -3*q - 9 = -4*s. Suppose 4*r - 3*v = 0, 0*r - 4*v = s*r. Suppose r = -5*n + 2*n + 15. What is the units digit of n?
5
Let n(p) = 4*p + 1. Let h be n(-4). What is the tens digit of (h/(-6))/(-5)*-62?
3
What is the units digit of (1 - (-3 + 5))/((-2)/106)?
3
Let f = -21 + 36. What is the units digit of f?
5
What is the tens digit of (0 + (-2 - -3))*22?
2
Let f(m) = -m**2 - 4*m + 1. Let r be f(-4). Suppose 2*d + 2*d = 0. Let x = r - d. What is the units digit of x?
1
Suppose s + 27 = -2*s. What is the units digit of 13/(-117) - 37/s?
4
Suppose 185 = k + 4*k. What is the tens digit of k?
3
Let s(u) = -u**2 - 3*u + 4. Let o be s(-4). Suppose 4*c - 26 - 26 = o. What is the units digit of c?
3
Suppose -2*v - 3*v = 3*x - 247, -20 = -4*v. Suppose 0 = 4*a - x - 6. Suppose -4*j = -0*j - a. What is the units digit of j?
5
Let t(z) be the first derivative of -z**3/3 + 4*z**2 - 5*z - 7. Let r be 54/8 + (-3)/(-12). What is the units digit of t(r)?
2
Let z be (63/(-27))/((-2)/6). Let l(i) = 12 + i**2 + i**3 + 17*i - z*i - 9*i. What is the units digit of l(0)?
2
Let p(o) = 7*o. What is the tens digit of p(8)?
5
Let x = 183 + -51. What is the hundreds digit of x?
1
Let i = 20 - 11. What is the units digit of (i/(-6))/((-3)/8)?
4
Let w = -4 - -5. Suppose -2*o + 5 - w = 0. What is the units digit of o?
2
Let z(k) = k + 10. Let j = 5 + -12. What is the units digit of z(j)?
3
Let t = -8 - -15. Let a = 12 - t. Suppose 0 = 2*u + 6, -u = 5*z - a*u - 62. What is the units digit of z?
0
Suppose 5*o = -3*v + 48 + 79, -5*o - 5*v = -125. What is the tens digit of o?
2
Let n be 7/(-21) - 2/3. Suppose -b - 8 = 2*l + l, -3*b = 5*l + 20. What is the units digit of 3 + l + 2 + n?
3
Suppose 0 = -2*w + 2*x + 82, 3*w + x + x - 138 = 0. What is the tens digit of w?
4
Let v(k) = -11*k + 2. What is the units digit of v(-2)?
4
Suppose 4*t = m - 31, -124 = -4*m - 2*t - t. What is the tens digit of m?
3
Let s(g) = g**2 + 5*g - 5. What is the units digit of s(-15)?
5
Suppose 3*d + 2*d = y + 93, -2*y + 5*d = 181. Let o(v) = -7*v + 1. Let j be o(-5). What is the units digit of 8/j + y/(-9)?
0
Let h(d) = 3*d**3 + d**2 + d - 1. Let c be h(-2). Let w = 16 - c. Suppose 3*x = 6*x - w. What is the tens digit of x?
1
Let n = 14 + -8. What is the units digit of n?
6
Suppose 5 + 16 = v - 4*s, -185 = -5*v + 4*s. Let r = v - 22. What is the tens digit of r?
1
Suppo